{"id":2443,"date":"2025-03-17T13:03:06","date_gmt":"2025-03-17T13:03:06","guid":{"rendered":"https:\/\/losteflor.com\/?post_type=product&#038;p=2443"},"modified":"2025-07-29T15:42:32","modified_gmt":"2025-07-29T15:42:32","slug":"funda-proteccion-torre-de-sillas","status":"publish","type":"product","link":"https:\/\/losteflor.com\/es\/producto\/funda-proteccion-torre-de-sillas\/","title":{"rendered":"Funda Protecci\u00f3n Torre De Sillas"},"content":{"rendered":"<p data-start=\"103\" data-end=\"343\">Protege tu mobiliario con nuestra <strong data-start=\"137\" data-end=\"181\">funda de protecci\u00f3n para torre de sillas<\/strong>, dise\u00f1ada para resguardar tus sillas del polvo, la lluvia y los efectos del sol, asegurando que se mantengan en perfectas condiciones temporada tras temporada.<\/p>\n<p data-start=\"345\" data-end=\"673\">Fabricada con <strong data-start=\"359\" data-end=\"389\">materiales de alta calidad<\/strong>, esta funda ofrece una <strong data-start=\"413\" data-end=\"466\">barrera eficaz contra las inclemencias del tiempo<\/strong>, prolongando la vida \u00fatil de tus sillas y manteni\u00e9ndolas siempre listas para su uso. Su <strong data-start=\"555\" data-end=\"589\">dise\u00f1o preciso y ajuste seguro<\/strong>garantizan una cobertura completa, evitando la acumulaci\u00f3n de suciedad y humedad.<\/p>\n<p data-start=\"675\" data-end=\"974\" data-is-last-node=\"\" data-is-only-node=\"\">Adem\u00e1s de su funcionalidad, su acabado elegante permite que se integre perfectamente en cualquier espacio exterior sin comprometer la est\u00e9tica.<\/p>\n","protected":false},"excerpt":{"rendered":"<p>Protege tu mobiliario con nuestra funda de protecci\u00f3n para torre de sillas, dise\u00f1ada para resguardar tus sillas del polvo, la lluvia y los efectos del sol, asegurando que se mantengan en perfectas condiciones temporada tras temporada. Fabricada con materiales de alta calidad, esta funda ofrece una barrera eficaz contra las inclemencias del tiempo, prolongando la [&hellip;]<\/p>\n","protected":false},"featured_media":2445,"comment_status":"open","ping_status":"closed","template":"","meta":{"_acf_changed":false,"inline_featured_image":false,"rank_math_title":"Funda Protecci\u00f3n Torre De Sillas | LosteFlor Vivero C\u00e1diz","rank_math_description":"Compra Funda Protecci\u00f3n Torre De Sillas en el vivero LosteFlor, Chiclana de la Frontera (C\u00e1diz). Plantas de calidad con env\u00edo a toda Espa\u00f1a. Asesoramient...","rank_math_canonical_url":"","rank_math_focus_keyword":"funda protecci\u00f3n torre de sillas comprar"},"product_brand":[],"product_cat":[155],"product_tag":[156,152],"class_list":{"0":"post-2443","1":"product","2":"type-product","3":"status-publish","4":"has-post-thumbnail","6":"product_cat-accesorios-de-jardin","7":"product_tag-accesorios-de-jardin","8":"product_tag-ocultacion","10":"first","11":"instock","12":"shipping-taxable","13":"product-type-simple"},"acf":[],"_links":{"self":[{"href":"https:\/\/losteflor.com\/es\/wp-json\/wp\/v2\/product\/2443","targetHints":{"allow":["GET"]}}],"collection":[{"href":"https:\/\/losteflor.com\/es\/wp-json\/wp\/v2\/product"}],"about":[{"href":"https:\/\/losteflor.com\/es\/wp-json\/wp\/v2\/types\/product"}],"replies":[{"embeddable":true,"href":"https:\/\/losteflor.com\/es\/wp-json\/wp\/v2\/comments?post=2443"}],"wp:featuredmedia":[{"embeddable":true,"href":"https:\/\/losteflor.com\/es\/wp-json\/wp\/v2\/media\/2445"}],"wp:attachment":[{"href":"https:\/\/losteflor.com\/es\/wp-json\/wp\/v2\/media?parent=2443"}],"wp:term":[{"taxonomy":"product_brand","embeddable":true,"href":"https:\/\/losteflor.com\/es\/wp-json\/wp\/v2\/product_brand?post=2443"},{"taxonomy":"product_cat","embeddable":true,"href":"https:\/\/losteflor.com\/es\/wp-json\/wp\/v2\/product_cat?post=2443"},{"taxonomy":"product_tag","embeddable":true,"href":"https:\/\/losteflor.com\/es\/wp-json\/wp\/v2\/product_tag?post=2443"}],"curies":[{"name":"wp","href":"https:\/\/api.w.org\/{rel}","templated":true}]}}

Funda Protección Torre De Sillas

<p data-start="103" data-end="343">Protege tu mobiliario con nuestra <strong data-start="137" data-end="181">funda de protección para torre de sillas</strong>, diseñada para resguardar tus sillas del polvo, la lluvia y los efectos del sol, asegurando que se mantengan en perfectas condiciones temporada tras temporada.</p>
<p data-start="345" data-end="673">Fabricada con <strong data-start="359" data-end="389">materiales de alta calidad</strong>, esta funda ofrece una <strong data-start="413" data-end="466">barrera eficaz contra las inclemencias del tiempo</strong>, prolongando la vida útil de tus sillas y manteniéndolas siempre listas para su uso. Su <strong data-start="555" data-end="589">diseño preciso y ajuste seguro</strong>garantizan una cobertura completa, evitando la acumulación de suciedad y humedad.</p>
<p data-start="675" data-end="974" data-is-last-node="" data-is-only-node="">Además de su funcionalidad, su acabado elegante permite que se integre perfectamente en cualquier espacio exterior sin comprometer la estética.</p>

<p>Protege tu mobiliario con nuestra funda de protección para torre de sillas, diseñada para resguardar tus sillas del polvo, la lluvia y los efectos del sol, asegurando que se mantengan en perfectas condiciones temporada tras temporada. Fabricada con materiales de alta calidad, esta funda ofrece una barrera eficaz contra las inclemencias del tiempo, prolongando la [&hellip;]</p>

Funda Protección Torre De Sillas | LosteFlor Vivero Cádiz

Compra Funda Protección Torre De Sillas en el vivero LosteFlor, Chiclana de la Frontera (Cádiz). Plantas de calidad con envío a toda España. Asesoramient...

funda protección torre de sillas comprar
